 divide 3102?
False
Does 31 divide 5952?
True
Does 10 divide 820?
True
Is 17 a factor of 9163?
True
Is 17010 a multiple of 9?
True
Is 12752 a multiple of 17?
False
Does 30 divide 30780?
True
Is 918 a multiple of 27?
True
Is 177 a factor of 6549?
True
Is 2308 a multiple of 13?
False
Does 4 divide 380?
True
Is 624 a multiple of 4?
True
Is 1197 a multiple of 43?
False
Does 8 divide 3728?
True
Is 2 a factor of 164?
True
Is 103 a factor of 11977?
False
Does 26 divide 12608?
False
Does 23 divide 69?
True
Does 33 divide 99?
True
Does 62 divide 3744?
False
Is 9 a factor of 247?
False
Is 468 a multiple of 6?
True
Is 1339 even?
False
Is 6 a factor of 2418?
True
Is 2521 a multiple of 84?
False
Does 67 divide 52747?
False
Is 31 a factor of 1098?
False
Is 1398 a multiple of 24?
False
Is 74 a factor of 86949?
False
Is 17 a factor of 391?
True
Is 51 a multiple of 2?
False
Is 1325 a multiple of 41?
False
Does 11 divide 944?
False
Is 38913 a multiple of 17?
True
Is 2288 a multiple of 64?
False
Is 54 a factor of 369?
False
Is 19 a factor of 1919?
True
Is 9 a factor of 513?
True
Does 78 divide 12324?
True
Does 5 divide 75?
True
Is 36 a factor of 23034?
False
Is 34384 a multiple of 8?
True
Is 12122 a multiple of 25?
False
Is 61209 a multiple of 94?
False
Is 13167 a multiple of 133?
True
Is 108 a multiple of 12?
True
Is 8 a factor of 1700?
False
Is 20 a factor of 74420?
True
Is 9250 a multiple of 4?
False
Is 84591 a multiple of 14?
False
Does 22 divide 660?
True
Is 48 a factor of 882?
False
Is 32 a factor of 1932?
False
Is 480 a multiple of 11?
False
Is 19753 a multiple of 139?
False
Does 6 divide 1695?
False
Is 28288 a multiple of 17?
True
Is 7 a factor of 101?
False
Does 2 divide 308?
True
Is 23 a factor of 3473?
True
Is 61380 a multiple of 62?
True
Is 6782 a multiple of 29?
False
Is 1590 a multiple of 65?
False
Does 22 divide 396?
True
Is 231 a multiple of 11?
True
Is 47 a factor of 9378?
False
Does 84 divide 26898?
False
Is 66864 a multiple of 14?
True
Is 36144 a multiple of 10?
False
Is 1290 a multiple of 215?
True
Does 2 divide 10?
True
Is 36811 a multiple of 131?
True
Is 64 a factor of 576?
True
Is 72 a factor of 792?
True
Is 1937 a multiple of 7?
False
Is 11564 a multiple of 11?
False
Is 38 a factor of 988?
True
Does 4 divide 114?
False
Is 17 a factor of 387?
False
Is 723 a multiple of 47?
False
Does 87 divide 24534?
True
Is 420 a multiple of 10?
True
Is 4216 a multiple of 62?
True
Is 35 a factor of 4052?
False
Does 7 divide 492?
False
Does 77 divide 5236?
True
Is 8580 a multiple of 195?
True
Is 9 a factor of 594?
True
Is 62 a factor of 6386?
True
Is 2701 a multiple of 45?
False
Is 19 a factor of 2660?
True
Is 13 a factor of 871?
True
Is 572 a multiple of 11?
True
Is 23 a factor of 2734?
False
Is 10 a factor of 550?
True
Is 33168 a multiple of 12?
True
Is 177 a factor of 21594?
True
Is 330 a multiple of 15?
True
Is 12720 a multiple of 15?
True
Is 5016 a multiple of 15?
False
Is 9 a factor of 531?
True
Does 26 divide 542?
False
Does 35 divide 1295?
True
Does 13 divide 1113?
False
Is 672 a multiple of 21?
True
Is 22 a factor of 1298?
True
Is 273 a factor of 40672?
False
Does 2 divide 130?
True
Is 102 a factor of 4720?
False
Is 88 a factor of 616?
True
Is 70224 a multiple of 57?
True
Is 546 a multiple of 26?
True
Is 20 a factor of 4303?
False
Is 12 a factor of 180?
True
Is 2214 a multiple of 9?
True
Is 406 a multiple of 17?
False
Is 13 a factor of 46046?
True
Is 16 a factor of 3294?
False
Is 83 a factor of 49551?
True
Is 194 a factor of 8924?
True
Is 184 a factor of 42221?
False
Is 16010 a multiple of 10?
True
Is 22817 a multiple of 31?
False
Is 913 a multiple of 2?
False
Does 27 divide 11504?
False
Is 8 a factor of 22305?
False
Is 215 a factor of 21500?
True
Is 53 a factor of 16377?
True
Is 7 a factor of 185?
False
Does 23 divide 1794?
True
Does 15 divide 3525?
True
Does 12 divide 1644?
True
Does 80 divide 640?
True
Does 3 divide 1029?
True
Does 30 divide 9720?
True
Is 36 a factor of 2768?
False
Is 9 a factor of 8640?
True
Does 6 divide 459?
False
Does 47 divide 31866?
True
Does 25 divide 1443?
False
Is 43 a factor of 30409?
False
Is 3 a factor of 107?
False
Is 2719 a multiple of 19?
False
Does 92 divide 738?
False
Does 12 divide 122?
False
Is 2214 a multiple of 6?
True
Does 64 divide 776?
False
Is 38 a factor of 228?
True
Does 25 divide 8150?
True
Does 6 divide 864?
True
Is 123 a factor of 10552?
False
Is 884 a multiple of 52?
True
Is 39528 a multiple of 324?
True
Is 23309 a multiple of 11?
True
Does 17 divide 7939?
True
Is 2111 a multiple of 12?
False
Does 9 divide 2385?
True
Is 21 a factor of 252?
True
Is 18 a factor of 5256?
True
Is 383 a multiple of 24?
False
Is 221 a factor of 45305?
True
Is 3864 a multiple of 12?
True
Is 56 a factor of 6887?
False
Is 64 a factor of 192?
True
Does 3 divide 4241?
False
Is 25 a factor of 67005?
False
Is 1067 a multiple of 11?
True
Does 31 divide 620?
True
Does 21 divide 984?
False
Is 14 a factor of 5342?
False
Does 181 divide 63893?
True
Is 16 a factor of 2150?
False
Does 63 divide 4453?
False
Is 741 a multiple of 6?
False
Does 37 divide 9398?
True
Is 2 a factor of 448?
True
Is 7 a factor of 129?
False
Is 13 a factor of 22516?
True
Is 3639 a multiple of 3?
True
Is 35 a factor of 35595?
True
Does 57 divide 46774?
False
Does 10 divide 2370?
True
Does 65 divide 2340?
True
Does 34 divide 374?
True
Does 5 divide 120?
True
Is 304 a multiple of 2?
True
Does 108 divide 245?
False
Does 20 divide 11660?
True
Is 643 a multiple of 5?
False
Is 27 a factor of 81?
True
Is 38242 a multiple of 104?
False
Does 16 divide 8624?
True
Is 16 a factor of 15664?
True
Is 16752 a multiple of 12?
True
Is 126 a multiple of 21?
True
Is 12162 a multiple of 127?
False
Is 29 a factor of 8729?
True
Does 20 divide 13280?
True
Is 2278 a multiple of 8?
False
Is 9412 a multiple of 26?
True
Does 206 divide 1081?
False
Is 42 a factor of 11808?
False
Is 109 a multiple of 11?
False
Is 27630 a multiple of 15?
True
Does 12 divide 2626?
False
Does 22 divide 2829?
False
Is 579 a multiple of 29?
False
Is 51649 a multiple of 16?
False
Is 14 a factor of 24374?
True
Does 17 divide 1173?
True
Does 41 divide 246?
True
Is 353 a multiple of 56?
False
Is 49 a factor of 882?
True
Does 3 divide 121?
False
Is 7 a factor of 980?
True
Is 51 a factor of 617?
False
Is 8163 a multiple of 8?
False
Is 82 a factor of 4710?
False
Is 72 a multiple of 18?
True
Does 6 divide 35109?
False
Is 11685 a multiple of 57?
True
Is 6643 a multiple of 73?
True
Is 9 a factor of 1629?
True
Is 3715 a multiple of 228?
False
Is 2079 a multiple of 36?
False
Is 2120 a multiple of 4?
True
Is 25 a factor of 150?
True
Is 71511 a multiple of 197?
True
Is 58 a factor of 1566?
True
Is 7 a factor of 24129?
True
Is 2256 a multiple of 24?
True
Is 9 a factor of 306?
True
Is 12 a factor of 147?
False
Does 14 divide 1344?
True
Does 28 divide 28?
True
Is 267 a factor of 7118?
False
Does 42 divide 336?
True
Is 105 a multiple of 7?
True
Is 40 a factor of 8742?
False
Does 59 divide 354?
True
Is 55 a factor of 6472?
False
Is 16 a factor of 51953?
False
Does 47 divide 11740?
False
Does 16 divide 309?
False
Is 105 a factor of 20475?
True
Is 4 a factor of 96?
True
Is 24 a factor of 48?
True
Is 4090 a multiple of 10?
True
Is 9152 a multiple of 27?
False
Is 18 a factor of 118530?
True
Is 6832 a multiple of 4?
True
Does 11 divide 543?
False
Is 12 a factor of 3156?
True
Does 64 divide 11539?
False
Is 287 a multiple of 33?
False
Is 181 a factor of 724?
True
Is 1978 a multiple of 46?
True
Does 8 divide 3880?
True
Does 11 divide 706?
False
Is 96 a factor of 672?
True
Is 320 a factor of 72640?
True
Does 10 divide 2140?
True
Does 71 divide 3834?
True
Is 232 a factor of 31320?
True
Is 17 a factor of 918?
True
Is 4254 a multiple of 115?
False
Does 12 divide 392?
False
Is 2436 a multiple of 15?
False
Does 5 divide 1254?
False
Is 8811 a multiple of 33?
True
Is 352 a multiple of 5?
False
Is 14 a factor of 3826?
False
Does 107 divide 26954?
False
Does 12 divide 3660?
True
Is 75749 a multiple of 12?
False
Is 7 a factor of 6734?
True
Is 1260 a multiple of 10?
True
Is 25838 a multiple of 15?
False
Is 31325 a multiple of 35?
True
Is 12341 a multiple of 41?
True
Does 5 divide 3635?
True
Is 46 a factor of 80659?
False
Is 180 a factor of 12240